{"id":3068,"date":"2026-01-19T13:58:16","date_gmt":"2026-01-19T12:58:16","guid":{"rendered":"https:\/\/bildbas.com\/wp01\/?page_id=3068"},"modified":"2026-02-10T13:25:37","modified_gmt":"2026-02-10T12:25:37","slug":"fotograf-ake-gunnarsson","status":"publish","type":"page","link":"https:\/\/bildbas.com\/wp01\/","title":{"rendered":"Fotograf \u00c5ke Gunnarsson"},"content":{"rendered":"\n<figure class=\"wp-block-gallery has-nested-images columns-default is-cropped wp-block-gallery-1 is-layout-flex wp-block-gallery-is-layout-flex\">\n<figure class=\"wp-block-image size-large\"><img loading=\"lazy\" decoding=\"async\" width=\"400\" height=\"400\" data-id=\"2722\" src=\"http:\/\/bildbas.com\/wp01\/wp-content\/uploads\/2026\/01\/VUE2038_027_christina_400x400.jpg\" alt=\"Fastighetsbilder och f\u00f6retagsportr\u00e4tt av medarbetare\" class=\"wp-image-2722\" srcset=\"https:\/\/bildbas.com\/wp01\/wp-content\/uploads\/2026\/01\/VUE2038_027_christina_400x400.jpg 400w, https:\/\/bildbas.com\/wp01\/wp-content\/uploads\/2026\/01\/VUE2038_027_christina_400x400-300x300.jpg 300w, https:\/\/bildbas.com\/wp01\/wp-content\/uploads\/2026\/01\/VUE2038_027_christina_400x400-150x150.jpg 150w\" sizes=\"auto, (max-width: 400px) 100vw, 400px\" \/><\/figure>\n\n\n\n<figure class=\"wp-block-image size-large\"><a href=\"https:\/\/bildbas.com\/wp01\/fastigheter\/\"><img loading=\"lazy\" decoding=\"async\" width=\"400\" height=\"400\" data-id=\"2725\" src=\"https:\/\/bildbas.com\/wp01\/wp-content\/uploads\/2026\/01\/VUE1355-Sthlm-Seaside_photo_by_Ake_Gunnarsson_400x400.jpg\" alt=\"Skanska Seaside\" class=\"wp-image-2725\" srcset=\"https:\/\/bildbas.com\/wp01\/wp-content\/uploads\/2026\/01\/VUE1355-Sthlm-Seaside_photo_by_Ake_Gunnarsson_400x400.jpg 400w, https:\/\/bildbas.com\/wp01\/wp-content\/uploads\/2026\/01\/VUE1355-Sthlm-Seaside_photo_by_Ake_Gunnarsson_400x400-300x300.jpg 300w, https:\/\/bildbas.com\/wp01\/wp-content\/uploads\/2026\/01\/VUE1355-Sthlm-Seaside_photo_by_Ake_Gunnarsson_400x400-150x150.jpg 150w\" sizes=\"auto, (max-width: 400px) 100vw, 400px\" \/><\/a><\/figure>\n\n\n\n<figure class=\"wp-block-image size-large\"><a href=\"https:\/\/bildbas.com\/wp01\/produkter\/\"><img loading=\"lazy\" decoding=\"async\" width=\"400\" height=\"400\" data-id=\"2727\" src=\"https:\/\/bildbas.com\/wp01\/wp-content\/uploads\/2026\/01\/VUE2961_0048_Nobel_400x400_v3-1.jpg\" alt=\"product photography - Nobel cutlery\" class=\"wp-image-2727\" srcset=\"https:\/\/bildbas.com\/wp01\/wp-content\/uploads\/2026\/01\/VUE2961_0048_Nobel_400x400_v3-1.jpg 400w, https:\/\/bildbas.com\/wp01\/wp-content\/uploads\/2026\/01\/VUE2961_0048_Nobel_400x400_v3-1-300x300.jpg 300w, https:\/\/bildbas.com\/wp01\/wp-content\/uploads\/2026\/01\/VUE2961_0048_Nobel_400x400_v3-1-150x150.jpg 150w\" sizes=\"auto, (max-width: 400px) 100vw, 400px\" \/><\/a><\/figure>\n<\/figure>\n\n\n\n<div class=\"wp-block-columns is-layout-flex wp-container-core-columns-is-layout-9d6595d7 wp-block-columns-is-layout-flex\">\n<div class=\"wp-block-column is-vertically-aligned-center is-layout-flow wp-block-column-is-layout-flow\">\n<div class=\"wp-block-columns is-layout-flex wp-container-core-columns-is-layout-9d6595d7 wp-block-columns-is-layout-flex\">\n<div class=\"wp-block-column is-layout-flow wp-block-column-is-layout-flow\">\n<div class=\"wp-block-columns is-layout-flex wp-container-core-columns-is-layout-9d6595d7 wp-block-columns-is-layout-flex\">\n<div class=\"wp-block-column is-layout-flow wp-block-column-is-layout-flow\"><\/div>\n\n\n\n<div class=\"wp-block-column is-layout-flow wp-block-column-is-layout-flow\"><\/div>\n<\/div>\n<\/div>\n\n\n\n<div class=\"wp-block-column is-layout-flow wp-block-column-is-layout-flow\"><\/div>\n<\/div>\n<\/div>\n\n\n\n<div class=\"wp-block-column is-layout-flow wp-block-column-is-layout-flow\"><\/div>\n\n\n\n<div class=\"wp-block-column is-layout-flow wp-block-column-is-layout-flow\"><\/div>\n<\/div>\n\n\n\n<div class=\"wp-block-columns is-layout-flex wp-container-core-columns-is-layout-9d6595d7 wp-block-columns-is-layout-flex\">\n<div class=\"wp-block-column is-vertically-aligned-center is-layout-flow wp-block-column-is-layout-flow\">\n<div class=\"wp-block-columns is-layout-flex wp-container-core-columns-is-layout-9d6595d7 wp-block-columns-is-layout-flex\">\n<div class=\"wp-block-column is-layout-flow wp-block-column-is-layout-flow\">\n<div class=\"wp-block-columns is-layout-flex wp-container-core-columns-is-layout-9d6595d7 wp-block-columns-is-layout-flex\">\n<div class=\"wp-block-column is-layout-flow wp-block-column-is-layout-flow\"><\/div>\n\n\n\n<div class=\"wp-block-column is-layout-flow wp-block-column-is-layout-flow\"><\/div>\n<\/div>\n<\/div>\n\n\n\n<div class=\"wp-block-column is-layout-flow wp-block-column-is-layout-flow\"><\/div>\n<\/div>\n<\/div>\n\n\n\n<div class=\"wp-block-column is-layout-flow wp-block-column-is-layout-flow\"><\/div>\n\n\n\n<div class=\"wp-block-column is-layout-flow wp-block-column-is-layout-flow\"><\/div>\n<\/div>\n\n\n\n<div class=\"wp-block-media-text\" style=\"margin-right:var(--wp--preset--spacing--70);margin-left:var(--wp--preset--spacing--70);padding-right:var(--wp--preset--spacing--80);padding-left:var(--wp--preset--spacing--80);grid-template-columns:23% auto\"><figure class=\"wp-block-media-text__media\"><img loading=\"lazy\" decoding=\"async\" width=\"167\" height=\"250\" src=\"http:\/\/bildbas.com\/wp01\/wp-content\/uploads\/2026\/01\/Ake_Gunnarson_20160321_0039_sv_250x167px.jpg\" alt=\"ake gunnarson 20160321 0039 sv 250x167px\" class=\"wp-image-3007 size-full\"\/><\/figure><div class=\"wp-block-media-text__content\">\n<p class=\"has-medium-font-size\">F\u00f6retagsportr\u00e4tt och fastighetsbilder i stockholm. Sedan 1986 \u00e4r jag verksam i det egna bolaget \/VUE.\u00a0 Motiven \u00e4r skiftande men ofta handlar det om  f\u00f6retagsportr\u00e4tt och fastighetsbilder i stockholm.\u00a0 Studion med dagsljus ligger centralt p\u00e5 Kungsholmen.<\/p>\n\n\n\n<p class=\"has-medium-font-size\"> <em>\u2013 N\u00e4r jag ser en snygg ljusreflex i n\u00e5gons ansikte, eller solen som pl\u00f6tsligt kommer fram och river tag i varje litet gruskorn \u2013 d\u00e5 vill jag bara forts\u00e4tta och forts\u00e4tta. .Jag f\u00f6rs\u00f6ker skapa varaktiga intryck av Dina fastigheter, medarbetare eller produkter. Jag hj\u00e4lper Dig med bilder som inspirerar och f\u00f6rmedlar Ditt budskap i varje detalj.<\/em> (Foto: <a href=\"https:\/\/www.fotografgonzaloirigoyen.com\/\" target=\"_blank\" rel=\"noreferrer noopener\">Gonzalo Irigoyen<\/a>)<\/p>\n<\/div><\/div>\n\n\n\n<p><\/p>\n","protected":false},"excerpt":{"rendered":"<p>F\u00f6retagsportr\u00e4tt och fastighetsbilder i stockholm. Sedan 1986 \u00e4r jag verksam i det egna bolaget \/VUE.\u00a0 Motiven \u00e4r skiftande men ofta handlar det om f\u00f6retagsportr\u00e4tt och fastighetsbilder i stockholm.\u00a0 Studion med dagsljus ligger centralt p\u00e5 Kungsholmen. \u2013 N\u00e4r jag ser en snygg ljusreflex i n\u00e5gons ansikte, eller solen som pl\u00f6tsligt kommer fram och river tag i&#8230;<\/p>\n","protected":false},"author":1,"featured_media":0,"parent":0,"menu_order":0,"comment_status":"closed","ping_status":"closed","template":"","meta":{"_kad_post_transparent":"disable","_kad_post_title":"hide","_kad_post_layout":"narrow","_kad_post_sidebar_id":"","_kad_post_content_style":"unboxed","_kad_post_vertical_padding":"default","_kad_post_feature":"default","_kad_post_feature_position":"","_kad_post_header":false,"_kad_post_footer":false,"_kad_post_classname":"","footnotes":""},"class_list":["post-3068","page","type-page","status-publish","hentry"],"yoast_head":"<!-- This site is optimized with the Yoast SEO plugin v26.9 - https:\/\/yoast.com\/product\/yoast-seo-wordpress\/ -->\n<title>f\u00f6retagsportr\u00e4tt och fastighetsbilder i stockholm - Fotograf \u00c5ke Gunnarsson<\/title>\n<meta name=\"description\" content=\"Professionella f\u00f6retagsportr\u00e4tt och fastighetsbilder i Stockholm. Skapa ett starkt visuellt budskap med dina bilder\" \/>\n<meta name=\"robots\" content=\"index, follow, max-snippet:-1, max-image-preview:large, max-video-preview:-1\" \/>\n<link rel=\"canonical\" href=\"https:\/\/bildbas.com\/wp01\/\" \/>\n<meta property=\"og:locale\" content=\"sv_SE\" \/>\n<meta property=\"og:type\" content=\"article\" \/>\n<meta property=\"og:title\" content=\"f\u00f6retagsportr\u00e4tt och fastighetsbilder i stockholm - Fotograf \u00c5ke Gunnarsson\" \/>\n<meta property=\"og:description\" content=\"Professionella f\u00f6retagsportr\u00e4tt och fastighetsbilder i Stockholm. Skapa ett starkt visuellt budskap med dina bilder\" \/>\n<meta property=\"og:url\" content=\"https:\/\/bildbas.com\/wp01\/\" \/>\n<meta property=\"og:site_name\" content=\"Fotograf \u00c5ke Gunnarsson\" \/>\n<meta property=\"article:publisher\" content=\"https:\/\/www.facebook.com\/bildbas\" \/>\n<meta property=\"article:modified_time\" content=\"2026-02-10T12:25:37+00:00\" \/>\n<meta property=\"og:image\" content=\"http:\/\/bildbas.com\/wp01\/wp-content\/uploads\/2026\/01\/VUE2038_027_christina_400x400.jpg\" \/>\n<meta name=\"twitter:card\" content=\"summary_large_image\" \/>\n<meta name=\"twitter:label1\" content=\"Ber\u00e4knad l\u00e4stid\" \/>\n\t<meta name=\"twitter:data1\" content=\"2 minuter\" \/>\n<script type=\"application\/ld+json\" class=\"yoast-schema-graph\">{\"@context\":\"https:\/\/schema.org\",\"@graph\":[{\"@type\":\"WebPage\",\"@id\":\"https:\/\/bildbas.com\/wp01\/\",\"url\":\"https:\/\/bildbas.com\/wp01\/\",\"name\":\"f\u00f6retagsportr\u00e4tt och fastighetsbilder i stockholm - Fotograf \u00c5ke Gunnarsson\",\"isPartOf\":{\"@id\":\"https:\/\/bildbas.com\/wp01\/#website\"},\"primaryImageOfPage\":{\"@id\":\"https:\/\/bildbas.com\/wp01\/#primaryimage\"},\"image\":{\"@id\":\"https:\/\/bildbas.com\/wp01\/#primaryimage\"},\"thumbnailUrl\":\"http:\/\/bildbas.com\/wp01\/wp-content\/uploads\/2026\/01\/VUE2038_027_christina_400x400.jpg\",\"datePublished\":\"2026-01-19T12:58:16+00:00\",\"dateModified\":\"2026-02-10T12:25:37+00:00\",\"description\":\"Professionella f\u00f6retagsportr\u00e4tt och fastighetsbilder i Stockholm. Skapa ett starkt visuellt budskap med dina bilder\",\"breadcrumb\":{\"@id\":\"https:\/\/bildbas.com\/wp01\/#breadcrumb\"},\"inLanguage\":\"sv-SE\",\"potentialAction\":[{\"@type\":\"ReadAction\",\"target\":[\"https:\/\/bildbas.com\/wp01\/\"]}]},{\"@type\":\"ImageObject\",\"inLanguage\":\"sv-SE\",\"@id\":\"https:\/\/bildbas.com\/wp01\/#primaryimage\",\"url\":\"https:\/\/bildbas.com\/wp01\/wp-content\/uploads\/2026\/01\/VUE2038_027_christina_400x400.jpg\",\"contentUrl\":\"https:\/\/bildbas.com\/wp01\/wp-content\/uploads\/2026\/01\/VUE2038_027_christina_400x400.jpg\",\"width\":400,\"height\":400,\"caption\":\"Fastighetsbilder och f\u00f6retagsportr\u00e4tt av medarbetare\"},{\"@type\":\"BreadcrumbList\",\"@id\":\"https:\/\/bildbas.com\/wp01\/#breadcrumb\",\"itemListElement\":[{\"@type\":\"ListItem\",\"position\":1,\"name\":\"Hem\",\"item\":\"https:\/\/bildbas.com\/wp01\/\"},{\"@type\":\"ListItem\",\"position\":2,\"name\":\"Fotograf \u00c5ke Gunnarsson\"}]},{\"@type\":\"WebSite\",\"@id\":\"https:\/\/bildbas.com\/wp01\/#website\",\"url\":\"https:\/\/bildbas.com\/wp01\/\",\"name\":\"Fotograf \u00c5ke Gunnarsson\",\"description\":\"Portrait and Real estate photography in Stockholm\",\"potentialAction\":[{\"@type\":\"SearchAction\",\"target\":{\"@type\":\"EntryPoint\",\"urlTemplate\":\"https:\/\/bildbas.com\/wp01\/?s={search_term_string}\"},\"query-input\":{\"@type\":\"PropertyValueSpecification\",\"valueRequired\":true,\"valueName\":\"search_term_string\"}}],\"inLanguage\":\"sv-SE\"}]}<\/script>\n<!-- \/ Yoast SEO plugin. -->","yoast_head_json":{"title":"f\u00f6retagsportr\u00e4tt och fastighetsbilder i stockholm - Fotograf \u00c5ke Gunnarsson","description":"Professionella f\u00f6retagsportr\u00e4tt och fastighetsbilder i Stockholm. Skapa ett starkt visuellt budskap med dina bilder","robots":{"index":"index","follow":"follow","max-snippet":"max-snippet:-1","max-image-preview":"max-image-preview:large","max-video-preview":"max-video-preview:-1"},"canonical":"https:\/\/bildbas.com\/wp01\/","og_locale":"sv_SE","og_type":"article","og_title":"f\u00f6retagsportr\u00e4tt och fastighetsbilder i stockholm - Fotograf \u00c5ke Gunnarsson","og_description":"Professionella f\u00f6retagsportr\u00e4tt och fastighetsbilder i Stockholm. Skapa ett starkt visuellt budskap med dina bilder","og_url":"https:\/\/bildbas.com\/wp01\/","og_site_name":"Fotograf \u00c5ke Gunnarsson","article_publisher":"https:\/\/www.facebook.com\/bildbas","article_modified_time":"2026-02-10T12:25:37+00:00","og_image":[{"url":"http:\/\/bildbas.com\/wp01\/wp-content\/uploads\/2026\/01\/VUE2038_027_christina_400x400.jpg","type":"","width":"","height":""}],"twitter_card":"summary_large_image","twitter_misc":{"Ber\u00e4knad l\u00e4stid":"2 minuter"},"schema":{"@context":"https:\/\/schema.org","@graph":[{"@type":"WebPage","@id":"https:\/\/bildbas.com\/wp01\/","url":"https:\/\/bildbas.com\/wp01\/","name":"f\u00f6retagsportr\u00e4tt och fastighetsbilder i stockholm - Fotograf \u00c5ke Gunnarsson","isPartOf":{"@id":"https:\/\/bildbas.com\/wp01\/#website"},"primaryImageOfPage":{"@id":"https:\/\/bildbas.com\/wp01\/#primaryimage"},"image":{"@id":"https:\/\/bildbas.com\/wp01\/#primaryimage"},"thumbnailUrl":"http:\/\/bildbas.com\/wp01\/wp-content\/uploads\/2026\/01\/VUE2038_027_christina_400x400.jpg","datePublished":"2026-01-19T12:58:16+00:00","dateModified":"2026-02-10T12:25:37+00:00","description":"Professionella f\u00f6retagsportr\u00e4tt och fastighetsbilder i Stockholm. Skapa ett starkt visuellt budskap med dina bilder","breadcrumb":{"@id":"https:\/\/bildbas.com\/wp01\/#breadcrumb"},"inLanguage":"sv-SE","potentialAction":[{"@type":"ReadAction","target":["https:\/\/bildbas.com\/wp01\/"]}]},{"@type":"ImageObject","inLanguage":"sv-SE","@id":"https:\/\/bildbas.com\/wp01\/#primaryimage","url":"https:\/\/bildbas.com\/wp01\/wp-content\/uploads\/2026\/01\/VUE2038_027_christina_400x400.jpg","contentUrl":"https:\/\/bildbas.com\/wp01\/wp-content\/uploads\/2026\/01\/VUE2038_027_christina_400x400.jpg","width":400,"height":400,"caption":"Fastighetsbilder och f\u00f6retagsportr\u00e4tt av medarbetare"},{"@type":"BreadcrumbList","@id":"https:\/\/bildbas.com\/wp01\/#breadcrumb","itemListElement":[{"@type":"ListItem","position":1,"name":"Hem","item":"https:\/\/bildbas.com\/wp01\/"},{"@type":"ListItem","position":2,"name":"Fotograf \u00c5ke Gunnarsson"}]},{"@type":"WebSite","@id":"https:\/\/bildbas.com\/wp01\/#website","url":"https:\/\/bildbas.com\/wp01\/","name":"Fotograf \u00c5ke Gunnarsson","description":"Portrait and Real estate photography in Stockholm","potentialAction":[{"@type":"SearchAction","target":{"@type":"EntryPoint","urlTemplate":"https:\/\/bildbas.com\/wp01\/?s={search_term_string}"},"query-input":{"@type":"PropertyValueSpecification","valueRequired":true,"valueName":"search_term_string"}}],"inLanguage":"sv-SE"}]}},"_links":{"self":[{"href":"https:\/\/bildbas.com\/wp01\/wp-json\/wp\/v2\/pages\/3068","targetHints":{"allow":["GET"]}}],"collection":[{"href":"https:\/\/bildbas.com\/wp01\/wp-json\/wp\/v2\/pages"}],"about":[{"href":"https:\/\/bildbas.com\/wp01\/wp-json\/wp\/v2\/types\/page"}],"author":[{"embeddable":true,"href":"https:\/\/bildbas.com\/wp01\/wp-json\/wp\/v2\/users\/1"}],"replies":[{"embeddable":true,"href":"https:\/\/bildbas.com\/wp01\/wp-json\/wp\/v2\/comments?post=3068"}],"version-history":[{"count":4,"href":"https:\/\/bildbas.com\/wp01\/wp-json\/wp\/v2\/pages\/3068\/revisions"}],"predecessor-version":[{"id":3129,"href":"https:\/\/bildbas.com\/wp01\/wp-json\/wp\/v2\/pages\/3068\/revisions\/3129"}],"wp:attachment":[{"href":"https:\/\/bildbas.com\/wp01\/wp-json\/wp\/v2\/media?parent=3068"}],"curies":[{"name":"wp","href":"https:\/\/api.w.org\/{rel}","templated":true}]}}